{"id":785,"date":"2026-01-20T12:00:55","date_gmt":"2026-01-20T11:00:55","guid":{"rendered":"https:\/\/www.tarby.org\/?post_type=tribe_events&#038;p=785"},"modified":"2026-01-20T12:00:55","modified_gmt":"2026-01-20T11:00:55","slug":"lokal-beredskap-tillsammans","status":"publish","type":"tribe_events","link":"https:\/\/www.tarby.org\/index.php\/event\/lokal-beredskap-tillsammans\/","title":{"rendered":"Lokal Beredskap \u2013 Tillsammans"},"content":{"rendered":"<div  class=\"tribe-events-schedule tribe-clearfix\" >\n\t<p class=\"tribe-events-schedule__datetime\">\n\t\t<span class=\"tribe-events-schedule__date tribe-events-schedule__date--start\">\n\t\t\tfebruari 28\t\t<\/span>\n\n\t\t\t\t\t<span class=\"tribe-events-schedule__separator tribe-events-schedule__separator--date\">\n\t\t\t\t @ \t\t\t<\/span>\n\t\t\t<span class=\"tribe-events-schedule__time tribe-events-schedule__time--start\">\n\t\t\t\t14:00\t\t\t<\/span>\n\t\t\n\t\t\t\t\t\t\t\t\t<span class=\"tribe-events-schedule__separator tribe-events-schedule__separator--time\">\n\t\t\t\t\t &#8211; \t\t\t\t<\/span>\n\t\t\t\n\t\t\t\t\t\t\t<span class=\"tribe-events-schedule__time tribe-events-schedule__time--end\">\n\t\t\t\t\t17:00\t\t\t\t<\/span>\n\t\t\t\n\t\t\t\t\t\t<\/p>\n<\/div>\n\n\n\n<p>L\u00f6rdagen den 28 februari bjuder vi in till en inspirerande eftermiddag i T\u00e4rby Hembygdsg\u00e5rd. H\u00e4r f\u00e5r du<br>ta del av tips, inspiration och kanske ny kunskap som st\u00e4rker b\u00e5de din egen och v\u00e5r gemensamma,<br>lokala, beredskap.<\/p>\n\n\n\n<p><br>Kunskapsv\u00e4rdar fr\u00e5n byn delar med sig av erfarenheter och kunskap kring bland annat egenv\u00e5rd,<br>vattentillf\u00f6rsel, mathantverk, kommunikation, solel med mera.<\/p>\n\n\n\n<p><br>Denna eftermiddag kommer vi \u00e4ven f\u00e5 bes\u00f6k av n\u00e5gra externa akt\u00f6rer. Redan nu \u00e4r det klart att Bor\u00e5s Stad<br>och S\u00f6dra \u00c4lvsborgs R\u00e4ddningstj\u00e4nstf\u00f6rbund kommer att finnas p\u00e5 plats.<\/p>\n\n\n\n<p><br>Drop In 14,00\u201316,00.<br>\u00d6ppet till 17,00.<\/p>\n\n\n\n<p><br>L\u00e4ttare f\u00f6rt\u00e4ring kommer finnas att k\u00f6pa.<br>OBS! Vill du f\u00f6rboka en l\u00e4ttare f\u00f6rt\u00e4ring till rabatterat pris, g\u00f6rs dettas genom att betala 25:-\/person via<br>Swish. M\u00e4rks 28\/2 samt namnen p\u00e5 deltagarna. F\u00f6rbokning senast 25\/2 p\u00e5 Swishnummer 123-458 61 29.<br>(Obs! En f\u00f6rbokad l\u00e4ttare f\u00f6rt\u00e4ring per 25:-)<\/p>\n\n\n\n<p><br>Varmt v\u00e4lkommen till en eftermiddag f\u00f6r b\u00e5de din och bygdens trygghet!<br>T\u00e4rby Byalag<\/p>\n\n\n\n<p><\/p>\n\n\n<div  class=\"tribe-block tribe-block__event-price\" >\n\t\t<\/div>\n\n\n\n\n<div  class=\"tribe-block tribe-block__venue tribe-clearfix\" >\n\t\n\t\t\n\t<\/div>\n\n\n\n\n\t<div  class=\"tribe-block tribe-block__events-link\" >\n\t\t<div class=\"tribe-events tribe-common\">\n\t\t\t<div class=\"tribe-events-c-subscribe-dropdown__container\">\n\t\t\t\t<div class=\"tribe-events-c-subscribe-dropdown\">\n\t\t\t\t\t<div class=\"tribe-common-c-btn-border tribe-events-c-subscribe-dropdown__button\">\n\t\t\t\t\t\t<svg\n\t class=\"tribe-common-c-svgicon tribe-common-c-svgicon--cal-export tribe-events-c-subscribe-dropdown__export-icon\" \taria-hidden=\"true\"\n\tviewBox=\"0 0 23 17\"\n\txmlns=\"http:\/\/www.w3.org\/2000\/svg\"\n>\n\t<path fill-rule=\"evenodd\" clip-rule=\"evenodd\" d=\"M.128.896V16.13c0 .211.145.383.323.383h15.354c.179 0 .323-.172.323-.383V.896c0-.212-.144-.383-.323-.383H.451C.273.513.128.684.128.896Zm16 6.742h-.901V4.679H1.009v10.729h14.218v-3.336h.901V7.638ZM1.01 1.614h14.218v2.058H1.009V1.614Z\" \/>\n\t<path d=\"M20.5 9.846H8.312M18.524 6.953l2.89 2.909-2.855 2.855\" stroke-width=\"1.2\" stroke-linecap=\"round\" stroke-linejoin=\"round\"\/>\n<\/svg>\n\t\t\t\t\t\t<button\n\t\t\t\t\t\t\tclass=\"tribe-events-c-subscribe-dropdown__button-text\"\n\t\t\t\t\t\t\taria-expanded=\"false\"\n\t\t\t\t\t\t\taria-controls=\"tribe-events-subscribe-dropdown-content\"\n\t\t\t\t\t\t\taria-label=\"Visa l\u00e4nkar f\u00f6r att l\u00e4gga till evenemang i din kalender\"\n\t\t\t\t\t\t>\n\t\t\t\t\t\t\tL\u00e4gg till i kalender\t\t\t\t\t\t<\/button>\n\t\t\t\t\t\t<svg\n\t class=\"tribe-common-c-svgicon tribe-common-c-svgicon--caret-down tribe-events-c-subscribe-dropdown__button-icon\" \taria-hidden=\"true\"\n\tviewBox=\"0 0 10 7\"\n\txmlns=\"http:\/\/www.w3.org\/2000\/svg\"\n>\n\t<path fill-rule=\"evenodd\" clip-rule=\"evenodd\" d=\"M1.008.609L5 4.6 8.992.61l.958.958L5 6.517.05 1.566l.958-.958z\" class=\"tribe-common-c-svgicon__svg-fill\"\/>\n<\/svg>\n\t\t\t\t\t<\/div>\n\t\t\t\t\t<div id=\"tribe-events-subscribe-dropdown-content\" class=\"tribe-events-c-subscribe-dropdown__content\">\n\t\t\t\t\t\t<ul class=\"tribe-events-c-subscribe-dropdown__list\">\n\t\t\t\t\t\t\t\t\t\t\t\t\t\t\t<li class=\"tribe-events-c-subscribe-dropdown__list-item tribe-events-c-subscribe-dropdown__list-item--gcal\">\n\t\t\t\t\t\t\t\t\t<a\n\t\t\t\t\t\t\t\t\t\thref=\"https:\/\/www.google.com\/calendar\/event?action=TEMPLATE&#038;dates=20260228T140000\/20260228T170000&#038;text=Lokal%20Beredskap%20%E2%80%93%20Tillsammans&#038;details=%3Cp%3EL%C3%B6rdagen+den+28+februari+bjuder+vi+in+till+en+inspirerande+eftermiddag+i+T%C3%A4rby+Hembygdsg%C3%A5rd.+H%C3%A4r+f%C3%A5r+du%3Cbr+%2F%3Eta+del+av+tips%2C+inspiration+och+kanske+ny+kunskap+som+st%C3%A4rker+b%C3%A5de+din+egen+och+v%C3%A5r+gemensamma%2C%3Cbr+%2F%3Elokala%2C+beredskap.%3C%2Fp%3E+%3Cp%3E%3Cbr+%2F%3EKunskapsv%C3%A4rdar+fr%C3%A5n+byn+delar+med+sig+av+erfarenheter+och+kunskap+kring+bland+annat+egenv%C3%A5rd%2C%3Cbr+%2F%3Evattentillf%C3%B6rsel%2C+mathantverk%2C+kommunikation%2C+solel+med+mera.%3C%2Fp%3E+%3Cp%3E%3Cbr+%2F%3EDenna+eftermiddag+kommer+vi+%C3%A4ven+f%C3%A5+bes%C3%B6k+av+n%C3%A5gra+externa+akt%C3%B6rer.+Redan+nu+%C3%A4r+det+klart+att+Bor%C3%A5s+Stad%3Cbr+%2F%3Eoch+S%C3%B6dra+%C3%84lvsborgs+R%C3%A4ddningstj%C3%A4nstf%C3%B6rbund+kommer+att+finnas+p%C3%A5+plats.%3C%2Fp%3E+%3Cp%3E%3Cbr+%2F%3EDrop+In+14%2C00%E2%80%9316%2C00.%3Cbr+%2F%3E%C3%96ppet+till+17%2C00.%3C%2Fp%3E+%3Cp%3E%3Cbr+%2F%3EL%C3%A4ttare+f%C3%B6rt%C3%A4ring+kommer+finnas+att+k%C3%B6pa.%3Cbr+%2F%3EOBS%21+Vill+du+f%C3%B6rboka+en+l%C3%A4ttare+f%C3%B6rt%C3%A4ring+till+rabatterat+pris%2C+g%C3%B6rs+dettas+genom+att+betala+25%3A-%2Fperson+via%3Cbr+%2F%3ESwish.+M%C3%A4rks+28%2F2+samt+namnen+p%C3%A5+deltagarna.+F%C3%B6rbokning+senast+25%2F2+p%C3%A5+Swishnummer+123-458+61+29.%3Cbr+%2F%3E%28Obs%21+En+f%C3%B6rbokad+l%C3%A4ttar%3C%2Fp%3E+%28View+Full+evenemang+Description+Here%3A+https%3A%2F%2Fwww.tarby.org%2Findex.php%2Fevent%2Flokal-beredskap-tillsammans%2F%29&#038;trp=false&#038;ctz=Europe\/Stockholm&#038;sprop=website:https:\/\/www.tarby.org\"\n\t\t\t\t\t\t\t\t\t\tclass=\"tribe-events-c-subscribe-dropdown__list-item-link\"\n\t\t\t\t\t\t\t\t\t\ttarget=\"_blank\"\n\t\t\t\t\t\t\t\t\t\trel=\"noopener noreferrer nofollow noindex\"\n\t\t\t\t\t\t\t\t\t>\n\t\t\t\t\t\t\t\t\t\tGoogle Kalender\t\t\t\t\t\t\t\t\t<\/a>\n\t\t\t\t\t\t\t\t<\/li>\n\t\t\t\t\t\t\t\t\t\t\t\t\t\t\t<li class=\"tribe-events-c-subscribe-dropdown__list-item tribe-events-c-subscribe-dropdown__list-item--ical\">\n\t\t\t\t\t\t\t\t\t<a\n\t\t\t\t\t\t\t\t\t\thref=\"\"\n\t\t\t\t\t\t\t\t\t\tclass=\"tribe-events-c-subscribe-dropdown__list-item-link\"\n\t\t\t\t\t\t\t\t\t\ttarget=\"_blank\"\n\t\t\t\t\t\t\t\t\t\trel=\"noopener noreferrer nofollow noindex\"\n\t\t\t\t\t\t\t\t\t>\n\t\t\t\t\t\t\t\t\t\tiCalendar\t\t\t\t\t\t\t\t\t<\/a>\n\t\t\t\t\t\t\t\t<\/li>\n\t\t\t\t\t\t\t\t\t\t\t\t\t\t\t<li class=\"tribe-events-c-subscribe-dropdown__list-item tribe-events-c-subscribe-dropdown__list-item--outlook-365\">\n\t\t\t\t\t\t\t\t\t<a\n\t\t\t\t\t\t\t\t\t\thref=\"\"\n\t\t\t\t\t\t\t\t\t\tclass=\"tribe-events-c-subscribe-dropdown__list-item-link\"\n\t\t\t\t\t\t\t\t\t\ttarget=\"_blank\"\n\t\t\t\t\t\t\t\t\t\trel=\"noopener noreferrer nofollow noindex\"\n\t\t\t\t\t\t\t\t\t>\n\t\t\t\t\t\t\t\t\t\tOutlook 365\t\t\t\t\t\t\t\t\t<\/a>\n\t\t\t\t\t\t\t\t<\/li>\n\t\t\t\t\t\t\t\t\t\t\t\t\t\t\t<li class=\"tribe-events-c-subscribe-dropdown__list-item tribe-events-c-subscribe-dropdown__list-item--outlook-live\">\n\t\t\t\t\t\t\t\t\t<a\n\t\t\t\t\t\t\t\t\t\thref=\"\"\n\t\t\t\t\t\t\t\t\t\tclass=\"tribe-events-c-subscribe-dropdown__list-item-link\"\n\t\t\t\t\t\t\t\t\t\ttarget=\"_blank\"\n\t\t\t\t\t\t\t\t\t\trel=\"noopener noreferrer nofollow noindex\"\n\t\t\t\t\t\t\t\t\t>\n\t\t\t\t\t\t\t\t\t\tOutlook Live\t\t\t\t\t\t\t\t\t<\/a>\n\t\t\t\t\t\t\t\t<\/li>\n\t\t\t\t\t\t\t\t\t\t\t\t\t<\/ul>\n\t\t\t\t\t<\/div>\n\t\t\t\t<\/div>\n\t\t\t<\/div>\n\t\t<\/div>\n\t<\/div>\n\n","protected":false},"excerpt":{"rendered":"<p>L\u00f6rdagen den 28 februari bjuder vi in till en inspirerande eftermiddag i T\u00e4rby Hembygdsg\u00e5rd. H\u00e4r f\u00e5r duta del av tips, inspiration och kanske ny kunskap som st\u00e4rker b\u00e5de din egen och v\u00e5r gemensamma,lokala, beredskap. Kunskapsv\u00e4rdar fr\u00e5n byn delar med sig<\/p>\n","protected":false},"author":9,"featured_media":787,"template":"","meta":{"_EventAllDay":false,"_EventTimezone":"Europe\/Stockholm","_EventStartDate":"2026-02-28 14:00:00","_EventEndDate":"2026-02-28 17:00:00","_EventStartDateUTC":"2026-02-28 13:00:00","_EventEndDateUTC":"2026-02-28 16:00:00","_EventShowMap":false,"_EventShowMapLink":false,"_EventURL":"","_EventCost":"","_EventCostDescription":"","_EventCurrencySymbol":"$","_EventCurrencyCode":"USD","_EventCurrencyPosition":"prefix","_EventDateTimeSeparator":" @ ","_EventTimeRangeSeparator":" - ","_EventOrganizerID":[],"_EventVenueID":[],"_OrganizerEmail":"","_OrganizerPhone":"","_OrganizerWebsite":"","_VenueAddress":"","_VenueCity":"","_VenueCountry":"","_VenueProvince":"","_VenueState":"","_VenueZip":"","_VenuePhone":"","_VenueURL":"","_VenueStateProvince":"","_VenueLat":"","_VenueLng":"","_VenueShowMap":false,"_VenueShowMapLink":false,"_tribe_events_status":"","_tribe_events_status_reason":"","footnotes":""},"tags":[],"tribe_events_cat":[],"class_list":["post-785","tribe_events","type-tribe_events","status-publish","has-post-thumbnail","hentry"],"_links":{"self":[{"href":"https:\/\/www.tarby.org\/index.php\/wp-json\/wp\/v2\/tribe_events\/785","targetHints":{"allow":["GET"]}}],"collection":[{"href":"https:\/\/www.tarby.org\/index.php\/wp-json\/wp\/v2\/tribe_events"}],"about":[{"href":"https:\/\/www.tarby.org\/index.php\/wp-json\/wp\/v2\/types\/tribe_events"}],"author":[{"embeddable":true,"href":"https:\/\/www.tarby.org\/index.php\/wp-json\/wp\/v2\/users\/9"}],"version-history":[{"count":1,"href":"https:\/\/www.tarby.org\/index.php\/wp-json\/wp\/v2\/tribe_events\/785\/revisions"}],"predecessor-version":[{"id":788,"href":"https:\/\/www.tarby.org\/index.php\/wp-json\/wp\/v2\/tribe_events\/785\/revisions\/788"}],"wp:featuredmedia":[{"embeddable":true,"href":"https:\/\/www.tarby.org\/index.php\/wp-json\/wp\/v2\/media\/787"}],"wp:attachment":[{"href":"https:\/\/www.tarby.org\/index.php\/wp-json\/wp\/v2\/media?parent=785"}],"wp:term":[{"taxonomy":"post_tag","embeddable":true,"href":"https:\/\/www.tarby.org\/index.php\/wp-json\/wp\/v2\/tags?post=785"},{"taxonomy":"tribe_events_cat","embeddable":true,"href":"https:\/\/www.tarby.org\/index.php\/wp-json\/wp\/v2\/tribe_events_cat?post=785"}],"curies":[{"name":"wp","href":"https:\/\/api.w.org\/{rel}","templated":true}]}}

<div  class="tribe-events-schedule tribe-clearfix" >
	<p class="tribe-events-schedule__datetime">
		<span class="tribe-events-schedule__date tribe-events-schedule__date--start">
			februari 28		</span>

					<span class="tribe-events-schedule__separator tribe-events-schedule__separator--date">
				 @ 			</span>
			<span class="tribe-events-schedule__time tribe-events-schedule__time--start">
				14:00			</span>
		
									<span class="tribe-events-schedule__separator tribe-events-schedule__separator--time">
					 &#8211; 				</span>
			
							<span class="tribe-events-schedule__time tribe-events-schedule__time--end">
					17:00				</span>
			
						</p>
</div>



<p>Lördagen den 28 februari bjuder vi in till en inspirerande eftermiddag i Tärby Hembygdsgård. Här får du<br>ta del av tips, inspiration och kanske ny kunskap som stärker både din egen och vår gemensamma,<br>lokala, beredskap.</p>



<p><br>Kunskapsvärdar från byn delar med sig av erfarenheter och kunskap kring bland annat egenvård,<br>vattentillförsel, mathantverk, kommunikation, solel med mera.</p>



<p><br>Denna eftermiddag kommer vi även få besök av några externa aktörer. Redan nu är det klart att Borås Stad<br>och Södra Älvsborgs Räddningstjänstförbund kommer att finnas på plats.</p>



<p><br>Drop In 14,00–16,00.<br>Öppet till 17,00.</p>



<p><br>Lättare förtäring kommer finnas att köpa.<br>OBS! Vill du förboka en lättare förtäring till rabatterat pris, görs dettas genom att betala 25:-/person via<br>Swish. Märks 28/2 samt namnen på deltagarna. Förbokning senast 25/2 på Swishnummer 123-458 61 29.<br>(Obs! En förbokad lättare förtäring per 25:-)</p>



<p><br>Varmt välkommen till en eftermiddag för både din och bygdens trygghet!<br>Tärby Byalag</p>



<p></p>


<div  class="tribe-block tribe-block__event-price" >
		</div>




<div  class="tribe-block tribe-block__venue tribe-clearfix" >
	
		
	</div>




	<div  class="tribe-block tribe-block__events-link" >
		<div class="tribe-events tribe-common">
			<div class="tribe-events-c-subscribe-dropdown__container">
				<div class="tribe-events-c-subscribe-dropdown">
					<div class="tribe-common-c-btn-border tribe-events-c-subscribe-dropdown__button">
						<svg
	 class="tribe-common-c-svgicon tribe-common-c-svgicon--cal-export tribe-events-c-subscribe-dropdown__export-icon" 	aria-hidden="true"
	viewBox="0 0 23 17"
	xmlns="http://www.w3.org/2000/svg"
>
	<path fill-rule="evenodd" clip-rule="evenodd" d="M.128.896V16.13c0 .211.145.383.323.383h15.354c.179 0 .323-.172.323-.383V.896c0-.212-.144-.383-.323-.383H.451C.273.513.128.684.128.896Zm16 6.742h-.901V4.679H1.009v10.729h14.218v-3.336h.901V7.638ZM1.01 1.614h14.218v2.058H1.009V1.614Z" />
	<path d="M20.5 9.846H8.312M18.524 6.953l2.89 2.909-2.855 2.855" stroke-width="1.2" stroke-linecap="round" stroke-linejoin="round"/>
</svg>
						<button
							class="tribe-events-c-subscribe-dropdown__button-text"
							aria-expanded="false"
							aria-controls="tribe-events-subscribe-dropdown-content"
							aria-label="Visa länkar för att lägga till evenemang i din kalender"
						>
							Lägg till i kalender						</button>
						<svg
	 class="tribe-common-c-svgicon tribe-common-c-svgicon--caret-down tribe-events-c-subscribe-dropdown__button-icon" 	aria-hidden="true"
	viewBox="0 0 10 7"
	xmlns="http://www.w3.org/2000/svg"
>
	<path fill-rule="evenodd" clip-rule="evenodd" d="M1.008.609L5 4.6 8.992.61l.958.958L5 6.517.05 1.566l.958-.958z" class="tribe-common-c-svgicon__svg-fill"/>
</svg>
					</div>
					<div id="tribe-events-subscribe-dropdown-content" class="tribe-events-c-subscribe-dropdown__content">
						<ul class="tribe-events-c-subscribe-dropdown__list">
															<li class="tribe-events-c-subscribe-dropdown__list-item tribe-events-c-subscribe-dropdown__list-item--gcal">
									<a
										href="https://www.google.com/calendar/event?action=TEMPLATE&#038;dates=20260228T140000/20260228T170000&#038;text=Lokal%20Beredskap%20%E2%80%93%20Tillsammans&#038;details=%3Cp%3EL%C3%B6rdagen+den+28+februari+bjuder+vi+in+till+en+inspirerande+eftermiddag+i+T%C3%A4rby+Hembygdsg%C3%A5rd.+H%C3%A4r+f%C3%A5r+du%3Cbr+%2F%3Eta+del+av+tips%2C+inspiration+och+kanske+ny+kunskap+som+st%C3%A4rker+b%C3%A5de+din+egen+och+v%C3%A5r+gemensamma%2C%3Cbr+%2F%3Elokala%2C+beredskap.%3C%2Fp%3E+%3Cp%3E%3Cbr+%2F%3EKunskapsv%C3%A4rdar+fr%C3%A5n+byn+delar+med+sig+av+erfarenheter+och+kunskap+kring+bland+annat+egenv%C3%A5rd%2C%3Cbr+%2F%3Evattentillf%C3%B6rsel%2C+mathantverk%2C+kommunikation%2C+solel+med+mera.%3C%2Fp%3E+%3Cp%3E%3Cbr+%2F%3EDenna+eftermiddag+kommer+vi+%C3%A4ven+f%C3%A5+bes%C3%B6k+av+n%C3%A5gra+externa+akt%C3%B6rer.+Redan+nu+%C3%A4r+det+klart+att+Bor%C3%A5s+Stad%3Cbr+%2F%3Eoch+S%C3%B6dra+%C3%84lvsborgs+R%C3%A4ddningstj%C3%A4nstf%C3%B6rbund+kommer+att+finnas+p%C3%A5+plats.%3C%2Fp%3E+%3Cp%3E%3Cbr+%2F%3EDrop+In+14%2C00%E2%80%9316%2C00.%3Cbr+%2F%3E%C3%96ppet+till+17%2C00.%3C%2Fp%3E+%3Cp%3E%3Cbr+%2F%3EL%C3%A4ttare+f%C3%B6rt%C3%A4ring+kommer+finnas+att+k%C3%B6pa.%3Cbr+%2F%3EOBS%21+Vill+du+f%C3%B6rboka+en+l%C3%A4ttare+f%C3%B6rt%C3%A4ring+till+rabatterat+pris%2C+g%C3%B6rs+dettas+genom+att+betala+25%3A-%2Fperson+via%3Cbr+%2F%3ESwish.+M%C3%A4rks+28%2F2+samt+namnen+p%C3%A5+deltagarna.+F%C3%B6rbokning+senast+25%2F2+p%C3%A5+Swishnummer+123-458+61+29.%3Cbr+%2F%3E%28Obs%21+En+f%C3%B6rbokad+l%C3%A4ttar%3C%2Fp%3E+%28View+Full+evenemang+Description+Here%3A+https%3A%2F%2Fwww.tarby.org%2Findex.php%2Fevent%2Flokal-beredskap-tillsammans%2F%29&#038;trp=false&#038;ctz=Europe/Stockholm&#038;sprop=website:https://www.tarby.org"
										class="tribe-events-c-subscribe-dropdown__list-item-link"
										target="_blank"
										rel="noopener noreferrer nofollow noindex"
									>
										Google Kalender									</a>
								</li>
															<li class="tribe-events-c-subscribe-dropdown__list-item tribe-events-c-subscribe-dropdown__list-item--ical">
									<a
										href=""
										class="tribe-events-c-subscribe-dropdown__list-item-link"
										target="_blank"
										rel="noopener noreferrer nofollow noindex"
									>
										iCalendar									</a>
								</li>
															<li class="tribe-events-c-subscribe-dropdown__list-item tribe-events-c-subscribe-dropdown__list-item--outlook-365">
									<a
										href=""
										class="tribe-events-c-subscribe-dropdown__list-item-link"
										target="_blank"
										rel="noopener noreferrer nofollow noindex"
									>
										Outlook 365									</a>
								</li>
															<li class="tribe-events-c-subscribe-dropdown__list-item tribe-events-c-subscribe-dropdown__list-item--outlook-live">
									<a
										href=""
										class="tribe-events-c-subscribe-dropdown__list-item-link"
										target="_blank"
										rel="noopener noreferrer nofollow noindex"
									>
										Outlook Live									</a>
								</li>
													</ul>
					</div>
				</div>
			</div>
		</div>
	</div>

<p>Lördagen den 28 februari bjuder vi in till en inspirerande eftermiddag i Tärby Hembygdsgård. Här får duta del av tips, inspiration och kanske ny kunskap som stärker både din egen och vår gemensamma,lokala, beredskap. Kunskapsvärdar från byn delar med sig</p>
